{"id":809,"date":"2026-01-29T08:32:22","date_gmt":"2026-01-29T08:32:22","guid":{"rendered":"https:\/\/st-georg-wien.at\/?page_id=809"},"modified":"2026-01-29T09:08:13","modified_gmt":"2026-01-29T09:08:13","slug":"unsere-goodies","status":"publish","type":"page","link":"https:\/\/st-georg-wien.at\/index.php\/unsere-goodies\/","title":{"rendered":"Unsere Goodies"},"content":{"rendered":"\n<div style=\"height:var(--wp--preset--spacing--30)\" aria-hidden=\"true\" class=\"wp-block-spacer\"><\/div>\n\n\n\n<p>F\u00fcr unsere Stammmitglieder, die an einer \u00d6sterreichischen Meisterschaft, an einer Wiener Meisterschaft oder an einer ASV\u00d6-Trophy teilnehmen, \u00fcbernimmt der Verein bei Vorlage der entsprechenden Belege die Kosten der Start- und Nenngelder.<\/p>\n\n\n\n<div style=\"height:5px\" aria-hidden=\"true\" class=\"wp-block-spacer\"><\/div>\n\n\n\n<p>Wir veranstalten jedes Jahr einen Dressurcup und f\u00fchren aufgrund der Turniererfolge unserer Stammmitglieder eine Rangliste.  Die Erfolge im Dressurcup und in der Rangliste werden regelm\u00e4\u00dfig ver\u00f6ffentlicht und im Rahmen unserer j\u00e4hrlichen Generalversammlung pr\u00e4miert und gefeiert.<\/p>\n\n\n\n<div style=\"height:5px\" aria-hidden=\"true\" class=\"wp-block-spacer\"><\/div>\n\n\n\n<p>Unsere Mitglieder k\u00f6nnen an l\u00e4ndlichen Meisterschaften und ASV\u00d6-Trophys teilnehmen.<\/p>\n","protected":false},"excerpt":{"rendered":"<p>F\u00fcr unsere Stammmitglieder, die an einer \u00d6sterreichischen Meisterschaft, an einer Wiener Meisterschaft oder an einer ASV\u00d6-Trophy teilnehmen, \u00fcbernimmt der Verein bei Vorlage der entsprechenden Belege die Kosten der Start- und Nenngelder. Wir veranstalten jedes Jahr einen Dressurcup und f\u00fchren aufgrund der Turniererfolge unserer Stammmitglieder eine Rangliste. Die Erfolge im Dressurcup und in der Rangliste werden [&hellip;]<\/p>\n","protected":false},"author":1,"featured_media":0,"parent":0,"menu_order":0,"comment_status":"closed","ping_status":"closed","template":"","meta":{"footnotes":""},"class_list":["post-809","page","type-page","status-publish","hentry"],"_links":{"self":[{"href":"https:\/\/st-georg-wien.at\/index.php\/wp-json\/wp\/v2\/pages\/809","targetHints":{"allow":["GET"]}}],"collection":[{"href":"https:\/\/st-georg-wien.at\/index.php\/wp-json\/wp\/v2\/pages"}],"about":[{"href":"https:\/\/st-georg-wien.at\/index.php\/wp-json\/wp\/v2\/types\/page"}],"author":[{"embeddable":true,"href":"https:\/\/st-georg-wien.at\/index.php\/wp-json\/wp\/v2\/users\/1"}],"replies":[{"embeddable":true,"href":"https:\/\/st-georg-wien.at\/index.php\/wp-json\/wp\/v2\/comments?post=809"}],"version-history":[{"count":7,"href":"https:\/\/st-georg-wien.at\/index.php\/wp-json\/wp\/v2\/pages\/809\/revisions"}],"predecessor-version":[{"id":823,"href":"https:\/\/st-georg-wien.at\/index.php\/wp-json\/wp\/v2\/pages\/809\/revisions\/823"}],"wp:attachment":[{"href":"https:\/\/st-georg-wien.at\/index.php\/wp-json\/wp\/v2\/media?parent=809"}],"curies":[{"name":"wp","href":"https:\/\/api.w.org\/{rel}","templated":true}]}}