{"id":80,"date":"2025-04-20T14:06:12","date_gmt":"2025-04-20T14:06:12","guid":{"rendered":"https:\/\/st-georg-wien.at\/?page_id=80"},"modified":"2025-05-03T05:53:13","modified_gmt":"2025-05-03T05:53:13","slug":"nutzungsbedingungen","status":"publish","type":"page","link":"https:\/\/st-georg-wien.at\/index.php\/nutzungsbedingungen\/","title":{"rendered":"Nutzungsbedingungen"},"content":{"rendered":"\n<div style=\"height:20px\" aria-hidden=\"true\" class=\"wp-block-spacer\"><\/div>\n\n\n\n<p style=\"font-style:normal;font-weight:700\">1. Inhalte dieser Website<\/p>\n\n\n\n<p>Die Inhalte dieser Website sind freibleibend und unverbindlich. Der Betreiber und die Autoren dieser Website behalten sich ausdr\u00fccklich vor, Teile der Website, auch die gesamte Website ohne gesonderte Ank\u00fcndigung zu ver\u00e4ndern, zu erg\u00e4nzen, zu l\u00f6schen oder die Ver\u00f6ffentlichung zeitweise oder endg\u00fcltig einzustellen.<\/p>\n\n\n\n<p>Der Betreiber und die Autoren dieser Website \u00fcberpr\u00fcfen alle Informationen dieser Website auf Richtigkeit, Vollst\u00e4ndigkeit und Aktualit\u00e4t. Dennoch k\u00f6nnen Auslassungen und Fehler nicht ausgeschlossen werden. Der Betreiber und die Autoren dieser Website \u00fcbernehmen, soweit gesetzlich zul\u00e4ssig und mit Ausnahme von grober Fahrl\u00e4ssigkeit, Vorsatz oder Personensch\u00e4den, keine Haftung f\u00fcr Auslassungen und Fehler dieser Website oder f\u00fcr direkte oder indirekte Sch\u00e4den materieller oder ideeller Art, die aus dem Gebrauch expliziter oder impliziter Informationen dieser Website resultieren. Der Ersatz von Folgesch\u00e4den und Verm\u00f6genssch\u00e4den, nicht erzielten Ersparnissen, Zinsenverlusten und Sch\u00e4den aus Anspr\u00fcchen Dritter ist in jedem Fall, soweit gesetzlich zul\u00e4ssig und mit Ausnahme von grober Fahrl\u00e4ssigkeit, Vorsatz oder Personensch\u00e4den, ausgeschlossen.<\/p>\n\n\n\n<p>Die Nutzung dieser Website und die Kommunikation mit dieser Website erfolgen auf eigene Gefahr. Sofern gesetzlich zul\u00e4ssig, haften weder der Betreiber dieser Website noch Dritte, die an der Einrichtung, Erstellung und \u00dcbermittlung der Website beteiligt sind, f\u00fcr Sch\u00e4den, die aus dem Zugang zur Website oder der m\u00f6glichen bzw einer eventuell nicht m\u00f6glichen Nutzung der Website entstehen k\u00f6nnen. Dies gilt nicht f\u00fcr Sch\u00e4den, die grob fahrl\u00e4ssig oder vors\u00e4tzlich verursacht wurden. Dies gilt ebensowenig f\u00fcr Personensch\u00e4den.<\/p>\n\n\n\n<p>Dieser Haftungsausschluss umfasst auch allf\u00e4llige Sch\u00e4digungen des elektronischen Endger\u00e4ts (Smartphone, Tablet, Computer etc), mit dem der Aufruf dieser Website erfolgt, durch Malware wie Computerviren, aber auch unberechtigte Zugriffe Dritter in Verbindung mit Verschl\u00fcsselungs- und Erpressungsversuchen oder Datendiebstahl. Eine Absicherung eines elektronischen Endger\u00e4ts gegen Malware und unberechtigte Zugriffe Dritter liegt in der Verantwortung des Nutzers dieses Endger\u00e4ts.<\/p>\n\n\n\n<p>Die Nutzung der im Rahmen des Impressums oder vergleichbarer Angaben ver\u00f6ffentlichten Kontaktdaten wie Postanschriften, Telefon- und Faxnummern sowie Emailadressen durch Dritte zur \u00dcbersendung nicht ausdr\u00fccklich angeforderter und in Beziehung mit dem Betrieber und den Inhalten dieser Website stehender Informationen ist nicht gestattet. Rechtliche Schritte insbesondere gegen die Versender sogenannter Spam-Mails sind bei Verst\u00f6\u00dfen gegen dieses Verbot ausdr\u00fccklich vorbehalten.<\/p>\n\n\n\n<div style=\"height:10px\" aria-hidden=\"true\" class=\"wp-block-spacer\"><\/div>\n\n\n\n<p style=\"font-style:normal;font-weight:700\">2. Verweise auf Websites Dritter<\/p>\n\n\n\n<p>Direkte oder indirekte Verweise (\u201eHyperlinks\u201c) auf Websites Dritter sind nicht als Empfehlung des Betreibers oder der Autoren dieser Website f\u00fcr das hinter der verlinkten Website stehende Unternehmen, dessen Produkte oder Dienstleistungen zu verstehen. Verlinkte Websites Dritter unterliegen keiner regelm\u00e4\u00dfigen Kontrolle durch den Betreiber oder die Autoren dieser Website. Die Nutzung von Hyperlinks erfolgt auf eigene Gefahr.<\/p>\n\n\n\n<div style=\"height:10px\" aria-hidden=\"true\" class=\"wp-block-spacer\"><\/div>\n\n\n\n<p style=\"font-style:normal;font-weight:700\">3. Schutzrechte<\/p>\n\n\n\n<p>S\u00e4mtliche Bezeichnungen von Vereinen, Veranstaltern, Veranstaltungen, Veranstaltungsserien, Wettbewerben, Produkten, Dienstleistungen und dergleichen mehr, die vom Betreiber dieser Website genannt werden, sind \u2013 gleichg\u00fcltig ob sie als Marken gekennzeichnet sind oder nicht \u2013 eingetragene bzw nicht eingetragene Schutzrechte, sei es des Betreibers dieser Website, dessen Lizenzgeber oder Dritter. Ohne ausdr\u00fcckliche schriftliche Einwilligung des Inhabers entsprechender Schutzrechte wird \u00fcber diese Website in keiner Weise eine Lizenz oder ein anderes Recht an einem solchen Schutzrecht einger\u00e4umt.<\/p>\n\n\n\n<p>Der Betreiber dieser Website wird alle Rechte hinsichtlich dieser Website und deren Inhalt, insbesondere im Hinblick auf sein geistiges Eigentum, bis hin zur Einleitung strafrechtlicher Schritte wahrnehmen.<\/p>\n\n\n\n<p>Der Betreiber dieser Website gestattet die Ansicht und das Herunterladen des auf der Website enthaltenen Materials nur zum privaten, nichtkommerziellen Gebrauch, vorausgesetzt, dass bei der Vervielf\u00e4ltigung des Materials auf die entsprechenden Urheber- und Eigentumsrechte hingewiesen wird. Ohne ausdr\u00fcckliches Einverst\u00e4ndnis des Betreibers dieser Website darf der Inhalt dieser Website einschlie\u00dflich der Texte, der Bilder, des Ton- und des Videomaterials zu \u00f6ffentlichen oder kommerziellen Zwecken weder verbreitet, ver\u00e4ndert, \u00fcbertragen, wiederverwendet noch publiziert werden, sofern und soweit dies nicht gesetzlich erlaubt ist.<\/p>\n\n\n\n<div style=\"height:10px\" aria-hidden=\"true\" class=\"wp-block-spacer\"><\/div>\n\n\n\n<p style=\"font-style:normal;font-weight:700\">4. Pflichten des Nutzers<\/p>\n\n\n\n<p>Der Nutzer dieser Website verpflichtet sich, das Leistungsangebot dieser Website nur sachgerecht zu nutzen und s\u00e4mtliche Angaben, die zur Bereitstellung der angebotenen Leistungen ben\u00f6tigt werden, korrekt, umfassend und wahrheitsgem\u00e4\u00df bereitzustellen.<\/p>\n\n\n\n<p>Der Nutzer dieser Website best\u00e4tigt, mit der Nutzung der angebotenen Leistungen nicht gegen anwendbares Recht oder Vorschriften zu versto\u00dfen.<\/p>\n\n\n\n<div style=\"height:10px\" aria-hidden=\"true\" class=\"wp-block-spacer\"><\/div>\n\n\n\n<p style=\"font-style:normal;font-weight:700\">5. \u00dcbertragungen<\/p>\n\n\n\n<p>Alle Inhalte und Informationen, die Sie an den Betreiber dieser Website \u00fcber die Website oder per E-Mail \u00fcbermitteln (nachfolgend \u201c\u00dcbertragungen\u201d), gelten als nicht vertraulich und als nicht urheber- und eigentumsrechtlich gesch\u00fctzt. Der Betreiber dieser Website kann alle \u00dcbertragungen f\u00fcr jeden Zweck, einschlie\u00dflich der Reproduktion, Bekanntgabe, \u00dcbertragung und Ver\u00f6ffentlichung, verwenden. Es ist untersagt, bedrohende, beleidigende, verleumderische, diffamierende, pornografische, sittenwidrige oder anderweitig rechtswidrige Inhalte an diese Website zu \u00fcbermitteln bzw von dieser Website aus zu verbreiten.<\/p>\n\n\n\n<div style=\"height:10px\" aria-hidden=\"true\" class=\"wp-block-spacer\"><\/div>\n\n\n\n<p style=\"font-style:normal;font-weight:700\">6. Rechtswirksamkeit dieser Nutzungsbedingungen<\/p>\n\n\n\n<p>Diese Nutzungsbedingungen sind als Teil dieser Website zu betrachten. Sofern Teile oder einzelne Formulierungen dieser Nutzungsbedingungen der geltenden Rechtslage nicht, nicht mehr oder nicht vollst\u00e4ndig entsprechen sollten, bleiben die \u00fcbrigen Teile dieser Nutzungsbedingungen in ihrem Inhalt und ihrer G\u00fcltigkeit davon unber\u00fchrt (\u201egeltungserhaltende Reduktion\u201c).<\/p>\n\n\n\n<p>Dem Betreiber dieser Website steht es frei, diese Nutzungsbedingungen jederzeit mit sofortiger Wirkung zu aktualisieren und zu \u00e4ndern. Jeder Nutzer dieser Website sollte daher regelm\u00e4\u00dfig die jeweils aktuelle Version dieser Nutzungsbedingungen durchsehen.<\/p>\n\n\n\n<div style=\"height:10px\" aria-hidden=\"true\" class=\"wp-block-spacer\"><\/div>\n\n\n\n<p>Stand der vorliegenden Nutzungsbedingungen: 21.4.2025<\/p>\n","protected":false},"excerpt":{"rendered":"<p>1. Inhalte dieser Website Die Inhalte dieser Website sind freibleibend und unverbindlich. Der Betreiber und die Autoren dieser Website behalten sich ausdr\u00fccklich vor, Teile der Website, auch die gesamte Website ohne gesonderte Ank\u00fcndigung zu ver\u00e4ndern, zu erg\u00e4nzen, zu l\u00f6schen oder die Ver\u00f6ffentlichung zeitweise oder endg\u00fcltig einzustellen. Der Betreiber und die Autoren dieser Website \u00fcberpr\u00fcfen alle [&hellip;]<\/p>\n","protected":false},"author":1,"featured_media":0,"parent":0,"menu_order":0,"comment_status":"closed","ping_status":"closed","template":"","meta":{"footnotes":""},"class_list":["post-80","page","type-page","status-publish","hentry"],"_links":{"self":[{"href":"https:\/\/st-georg-wien.at\/index.php\/wp-json\/wp\/v2\/pages\/80","targetHints":{"allow":["GET"]}}],"collection":[{"href":"https:\/\/st-georg-wien.at\/index.php\/wp-json\/wp\/v2\/pages"}],"about":[{"href":"https:\/\/st-georg-wien.at\/index.php\/wp-json\/wp\/v2\/types\/page"}],"author":[{"embeddable":true,"href":"https:\/\/st-georg-wien.at\/index.php\/wp-json\/wp\/v2\/users\/1"}],"replies":[{"embeddable":true,"href":"https:\/\/st-georg-wien.at\/index.php\/wp-json\/wp\/v2\/comments?post=80"}],"version-history":[{"count":4,"href":"https:\/\/st-georg-wien.at\/index.php\/wp-json\/wp\/v2\/pages\/80\/revisions"}],"predecessor-version":[{"id":191,"href":"https:\/\/st-georg-wien.at\/index.php\/wp-json\/wp\/v2\/pages\/80\/revisions\/191"}],"wp:attachment":[{"href":"https:\/\/st-georg-wien.at\/index.php\/wp-json\/wp\/v2\/media?parent=80"}],"curies":[{"name":"wp","href":"https:\/\/api.w.org\/{rel}","templated":true}]}}