{"id":524,"date":"2025-06-17T15:07:29","date_gmt":"2025-06-17T15:07:29","guid":{"rendered":"https:\/\/st-georg-wien.at\/?page_id=524"},"modified":"2025-07-29T07:44:50","modified_gmt":"2025-07-29T07:44:50","slug":"aeltere-beitraege","status":"publish","type":"page","link":"https:\/\/st-georg-wien.at\/index.php\/aeltere-beitraege\/","title":{"rendered":"\u00c4ltere Beitr\u00e4ge"},"content":{"rendered":"\n<div style=\"height:20px\" aria-hidden=\"true\" class=\"wp-block-spacer\"><\/div>\n\n\n\n<p class=\"has-x-large-font-size\" style=\"font-style:normal;font-weight:700\">Gro\u00dfe Freude am Sognohof<\/p>\n\n\n\n<p>Am 13. Oktober 2024 fanden am Sognohof Sonderpr\u00fcfungen statt. Acht jugendliche Mitglieder unseres Vereins traten zum &#8222;Gro\u00dfen Hufeisen&#8220; an und bestanden allesamt die Pr\u00fcfung. Wir gratulieren herzlichst!<\/p>\n\n\n\n<div style=\"height:5px\" aria-hidden=\"true\" class=\"wp-block-spacer\"><\/div>\n\n\n\n<figure class=\"wp-block-image size-full\"><img loading=\"lazy\" decoding=\"async\" width=\"400\" height=\"300\" src=\"https:\/\/st-georg-wien.at\/wp-content\/uploads\/2025\/06\/gesamteGruppe-2024-Homepage.jpg\" alt=\"\" class=\"wp-image-359\" srcset=\"https:\/\/st-georg-wien.at\/wp-content\/uploads\/2025\/06\/gesamteGruppe-2024-Homepage.jpg 400w, https:\/\/st-georg-wien.at\/wp-content\/uploads\/2025\/06\/gesamteGruppe-2024-Homepage-300x225.jpg 300w\" sizes=\"auto, (max-width: 400px) 100vw, 400px\" \/><\/figure>\n\n\n\n<p class=\"has-medium-font-size\"><em>Die glorreichen Acht<\/em><\/p>\n\n\n\n<hr class=\"wp-block-separator has-alpha-channel-opacity\"\/>\n\n\n\n<div style=\"height:5px\" aria-hidden=\"true\" class=\"wp-block-spacer\"><\/div>\n\n\n\n<p class=\"has-x-large-font-size\" style=\"font-style:normal;font-weight:700\">Drei Siege f\u00fcr Lisa-Maria Pfuisi<\/p>\n\n\n\n<p>Beim CDN-B* am Gutenhof konnte Lisa-Maria Pfuisi im September 2024 auf &#8222;Fairytale Dream&#8220; alle drei M-Dressurpr\u00fcfungen gewinnen. Dar\u00fcber hinaus wurde sie mit &#8222;Suburban&#8220; in zwei S-Bewerben einmal Zweite und einmal Dritte. Wir gratulieren herzlichst!<\/p>\n\n\n\n<div style=\"height:5px\" aria-hidden=\"true\" class=\"wp-block-spacer\"><\/div>\n\n\n\n<figure class=\"wp-block-gallery has-nested-images columns-default is-cropped wp-block-gallery-1 is-layout-flex wp-block-gallery-is-layout-flex\">\n<figure class=\"wp-block-image size-large\"><img loading=\"lazy\" decoding=\"async\" width=\"340\" height=\"227\" data-id=\"368\" src=\"https:\/\/st-georg-wien.at\/wp-content\/uploads\/2025\/06\/mit-Fairytale-Dream-Homepage-1.jpg\" alt=\"\" class=\"wp-image-368\" srcset=\"https:\/\/st-georg-wien.at\/wp-content\/uploads\/2025\/06\/mit-Fairytale-Dream-Homepage-1.jpg 340w, https:\/\/st-georg-wien.at\/wp-content\/uploads\/2025\/06\/mit-Fairytale-Dream-Homepage-1-300x200.jpg 300w\" sizes=\"auto, (max-width: 340px) 100vw, 340px\" \/><\/figure>\n\n\n\n<figure class=\"wp-block-image size-large\"><img loading=\"lazy\" decoding=\"async\" width=\"262\" height=\"227\" data-id=\"369\" src=\"https:\/\/st-georg-wien.at\/wp-content\/uploads\/2025\/06\/mit-Suburban-Homepage-1.jpg\" alt=\"\" class=\"wp-image-369\"\/><\/figure>\n<\/figure>\n\n\n\n<p class=\"has-medium-font-size\"><em>Lisa-Maria mit Fairytale Dream und mit Suburban<\/em><\/p>\n\n\n\n<hr class=\"wp-block-separator has-alpha-channel-opacity\"\/>\n\n\n\n<div style=\"height:5px\" aria-hidden=\"true\" class=\"wp-block-spacer\"><\/div>\n\n\n\n<p class=\"has-x-large-font-size\" style=\"font-style:normal;font-weight:700\">2 x Gold bei den \u00d6sterreichischen Staatsmeisterschaften Dressur<\/p>\n\n\n\n<p>Im September 2024 konnten konnten Nele Cordt auf Nordbygaards Chanell bei den Ponys und Kathi Zajic auf Fidelio 30 bei den Junioren jeweils die Goldmedaille erreiten. Dar\u00fcber hinaus vertraten uns Antonia Illichmann bei den jungen Reitern und Gloria Vacek im U25-Bewerb. Wir gratulieren herzlichst!<\/p>\n\n\n\n<hr class=\"wp-block-separator has-alpha-channel-opacity\"\/>\n\n\n\n<div style=\"height:5px\" aria-hidden=\"true\" class=\"wp-block-spacer\"><\/div>\n\n\n\n<p class=\"has-x-large-font-size\" style=\"font-style:normal;font-weight:700\">Bundesl\u00e4ndermannschaftsmeisterschaft Dressur<\/p>\n\n\n\n<p>Im August 2024 belegte die Wiener Mannschaft, die ausschlie\u00dflich aus Mitgliedern unseres Vereins bestand, den hervorragenden zweiten Platz unter zehn Mannschaften. Die erfolgreiche Wiener Mannschaft wurde von Anna Bruckberger, Antonia Illichmann, Lisa-Maria Pfuisi und Katharina Zajic gestellt.<\/p>\n\n\n\n<p>Auch bei den Ponys gewann Wien die Silbermedaille. Zu diesem Erfolg steuerte unser Mitglied Nele Cordt an beiden Tagen die h\u00f6chste Wertung bei.<\/p>\n\n\n\n<figure class=\"wp-block-image size-full\"><img loading=\"lazy\" decoding=\"async\" width=\"340\" height=\"453\" src=\"https:\/\/st-georg-wien.at\/wp-content\/uploads\/2025\/06\/Mitglieder-001.jpg\" alt=\"\" class=\"wp-image-456\" srcset=\"https:\/\/st-georg-wien.at\/wp-content\/uploads\/2025\/06\/Mitglieder-001.jpg 340w, https:\/\/st-georg-wien.at\/wp-content\/uploads\/2025\/06\/Mitglieder-001-225x300.jpg 225w\" sizes=\"auto, (max-width: 340px) 100vw, 340px\" \/><\/figure>\n\n\n\n<p class=\"has-medium-font-size\"><em>Unsere glorreichen M\u00e4dels: Katharina Zajic, Nele Cordt, Lisa-Maria Pfuisi, Anna Bruckberger, Antonia Illichmann<\/em><\/p>\n\n\n\n<p>Wir danken Euch f\u00fcr die w\u00fcrdige Vertretung unseres Bundeslandes und gratulieren herzlichst!<\/p>\n\n\n\n<hr class=\"wp-block-separator has-alpha-channel-opacity\"\/>\n\n\n\n<div style=\"height:5px\" aria-hidden=\"true\" class=\"wp-block-spacer\"><\/div>\n\n\n\n<p class=\"has-x-large-font-size\" style=\"font-style:normal;font-weight:700\">Wiener Landesmeisterschaften Dressur<\/p>\n\n\n\n<p>Im August 2024 konnten unsere Mitglieder bei den Wiener Landesmeisterschaften zwei goldene, zwei silberne und eine bronzene Medaille gewinnen. Damit waren wir wie 2023 wieder der erfolgreichste Verein von Wien.<\/p>\n\n\n\n<figure class=\"wp-block-image size-full\"><img loading=\"lazy\" decoding=\"async\" width=\"300\" height=\"447\" src=\"https:\/\/st-georg-wien.at\/wp-content\/uploads\/2025\/06\/Mitglieder-002.jpg\" alt=\"\" class=\"wp-image-457\" srcset=\"https:\/\/st-georg-wien.at\/wp-content\/uploads\/2025\/06\/Mitglieder-002.jpg 300w, https:\/\/st-georg-wien.at\/wp-content\/uploads\/2025\/06\/Mitglieder-002-201x300.jpg 201w\" sizes=\"auto, (max-width: 300px) 100vw, 300px\" \/><\/figure>\n\n\n\n<p class=\"has-medium-font-size\"><em>Linda Rupp Linda auf Bossanova Hit: Bronze in der Jugend<\/em><\/p>\n\n\n\n<div style=\"height:5px\" aria-hidden=\"true\" class=\"wp-block-spacer\"><\/div>\n\n\n\n<figure class=\"wp-block-image size-full\"><img loading=\"lazy\" decoding=\"async\" width=\"300\" height=\"450\" src=\"https:\/\/st-georg-wien.at\/wp-content\/uploads\/2025\/06\/Mitglieder-003.jpg\" alt=\"\" class=\"wp-image-458\" srcset=\"https:\/\/st-georg-wien.at\/wp-content\/uploads\/2025\/06\/Mitglieder-003.jpg 300w, https:\/\/st-georg-wien.at\/wp-content\/uploads\/2025\/06\/Mitglieder-003-200x300.jpg 200w\" sizes=\"auto, (max-width: 300px) 100vw, 300px\" \/><\/figure>\n\n\n\n<p class=\"has-medium-font-size\"><em>Julia Wrona auf Double Enjoy: Silber bei den Junioren<\/em><\/p>\n\n\n\n<div style=\"height:5px\" aria-hidden=\"true\" class=\"wp-block-spacer\"><\/div>\n\n\n\n<figure class=\"wp-block-image size-full\"><img loading=\"lazy\" decoding=\"async\" width=\"300\" height=\"450\" src=\"https:\/\/st-georg-wien.at\/wp-content\/uploads\/2025\/06\/Mitglieder-004.jpg\" alt=\"\" class=\"wp-image-459\" srcset=\"https:\/\/st-georg-wien.at\/wp-content\/uploads\/2025\/06\/Mitglieder-004.jpg 300w, https:\/\/st-georg-wien.at\/wp-content\/uploads\/2025\/06\/Mitglieder-004-200x300.jpg 200w\" sizes=\"auto, (max-width: 300px) 100vw, 300px\" \/><\/figure>\n\n\n\n<p class=\"has-medium-font-size\"><em>Antonia Illichmann auf Boston&#8217;s Junior<\/em>: Gold bei den Jungen Reitern<\/p>\n\n\n\n<div style=\"height:5px\" aria-hidden=\"true\" class=\"wp-block-spacer\"><\/div>\n\n\n\n<figure class=\"wp-block-image size-full\"><img loading=\"lazy\" decoding=\"async\" width=\"400\" height=\"267\" src=\"https:\/\/st-georg-wien.at\/wp-content\/uploads\/2025\/06\/Mitglieder-005.jpg\" alt=\"\" class=\"wp-image-460\" srcset=\"https:\/\/st-georg-wien.at\/wp-content\/uploads\/2025\/06\/Mitglieder-005.jpg 400w, https:\/\/st-georg-wien.at\/wp-content\/uploads\/2025\/06\/Mitglieder-005-300x200.jpg 300w\" sizes=\"auto, (max-width: 400px) 100vw, 400px\" \/><\/figure>\n\n\n\n<p class=\"has-medium-font-size\"><em>Lisa-Maria Pfuisi auf Suburban: Gold in der Mittelschweren Klasse<\/em><\/p>\n\n\n\n<div style=\"height:5px\" aria-hidden=\"true\" class=\"wp-block-spacer\"><\/div>\n\n\n\n<figure class=\"wp-block-image size-full\"><img loading=\"lazy\" decoding=\"async\" width=\"480\" height=\"320\" src=\"https:\/\/st-georg-wien.at\/wp-content\/uploads\/2025\/06\/Mitglieder-006.jpg\" alt=\"\" class=\"wp-image-461\" srcset=\"https:\/\/st-georg-wien.at\/wp-content\/uploads\/2025\/06\/Mitglieder-006.jpg 480w, https:\/\/st-georg-wien.at\/wp-content\/uploads\/2025\/06\/Mitglieder-006-300x200.jpg 300w\" sizes=\"auto, (max-width: 480px) 100vw, 480px\" \/><\/figure>\n\n\n\n<p class=\"has-medium-font-size\"><em>Gloria Vacek auf Quantiliano: Silber in der Kleinen Tour<\/em><\/p>\n\n\n\n<div style=\"height:5px\" aria-hidden=\"true\" class=\"wp-block-spacer\"><\/div>\n\n\n\n<p>Wir gratulieren herzlichst!<\/p>\n\n\n\n<hr class=\"wp-block-separator has-alpha-channel-opacity\"\/>\n\n\n\n<div style=\"height:5px\" aria-hidden=\"true\" class=\"wp-block-spacer\"><\/div>\n\n\n\n<p class=\"has-x-large-font-size\" style=\"font-style:normal;font-weight:700\">Erste Medaille 2024<\/p>\n\n\n\n<p>Im August 2024 konnte Anna Bruckberger auf Double Enjoy die Silbermedaille bei den Wiener Landesmeisterschaften in der Dressur f\u00fcr Ponys erringen. Katharina Krestan erreichte mit Bo 4 den vierten Platz.<\/p>\n\n\n\n<p>Dar\u00fcber hinaus konnten unsere Mitglieder noch einige hohe Platzierungen in anderen Bewerben erreichen.<\/p>\n\n\n\n<p>Wir gratulieren herzlichst!<\/p>\n\n\n\n<hr class=\"wp-block-separator has-alpha-channel-opacity\"\/>\n\n\n\n<div style=\"height:5px\" aria-hidden=\"true\" class=\"wp-block-spacer\"><\/div>\n\n\n\n<p class=\"has-x-large-font-size\" style=\"font-style:normal;font-weight:700\">Ing. Sabine Hruschka erfolgreich in Margarethen am Moos<\/p>\n\n\n\n<p>Beim CDN-B* in Margarethen am Moos konnte Ing. Sabine Hruschka im Juni 2024 mit Ben Kingsley Junior SH dreimal einen Platz am Siegespodest erreiten. Wir gratulieren herzlichst!<\/p>\n\n\n\n<figure class=\"wp-block-image size-full\"><img loading=\"lazy\" decoding=\"async\" width=\"230\" height=\"486\" src=\"https:\/\/st-georg-wien.at\/wp-content\/uploads\/2025\/06\/Mitglieder-008.jpg\" alt=\"\" class=\"wp-image-463\" srcset=\"https:\/\/st-georg-wien.at\/wp-content\/uploads\/2025\/06\/Mitglieder-008.jpg 230w, https:\/\/st-georg-wien.at\/wp-content\/uploads\/2025\/06\/Mitglieder-008-142x300.jpg 142w\" sizes=\"auto, (max-width: 230px) 100vw, 230px\" \/><\/figure>\n\n\n\n<div style=\"height:1px\" aria-hidden=\"true\" class=\"wp-block-spacer\"><\/div>\n\n\n\n<hr class=\"wp-block-separator has-alpha-channel-opacity\"\/>\n\n\n\n<div style=\"height:5px\" aria-hidden=\"true\" class=\"wp-block-spacer\"><\/div>\n\n\n\n<p class=\"has-x-large-font-size\" style=\"font-style:normal;font-weight:700\">Siege beim CDIJ in Samorin<\/p>\n\n\n\n<p>Im April 2024 feierten Katharina Zajic und Anna Bruckberger beim CDIJ in Samorin gemeinsam mit ihrer Trainerin Lisa-Maria Pfuisi drei Siege und einige weitere hohe Platzierungen. Wir gratulieren herzlichst!<\/p>\n","protected":false},"excerpt":{"rendered":"<p>Gro\u00dfe Freude am Sognohof Am 13. Oktober 2024 fanden am Sognohof Sonderpr\u00fcfungen statt. Acht jugendliche Mitglieder unseres Vereins traten zum &#8222;Gro\u00dfen Hufeisen&#8220; an und bestanden allesamt die Pr\u00fcfung. Wir gratulieren herzlichst! Die glorreichen Acht Drei Siege f\u00fcr Lisa-Maria Pfuisi Beim CDN-B* am Gutenhof konnte Lisa-Maria Pfuisi im September 2024 auf &#8222;Fairytale Dream&#8220; alle drei M-Dressurpr\u00fcfungen [&hellip;]<\/p>\n","protected":false},"author":1,"featured_media":0,"parent":0,"menu_order":0,"comment_status":"closed","ping_status":"closed","template":"","meta":{"footnotes":""},"class_list":["post-524","page","type-page","status-publish","hentry"],"_links":{"self":[{"href":"https:\/\/st-georg-wien.at\/index.php\/wp-json\/wp\/v2\/pages\/524","targetHints":{"allow":["GET"]}}],"collection":[{"href":"https:\/\/st-georg-wien.at\/index.php\/wp-json\/wp\/v2\/pages"}],"about":[{"href":"https:\/\/st-georg-wien.at\/index.php\/wp-json\/wp\/v2\/types\/page"}],"author":[{"embeddable":true,"href":"https:\/\/st-georg-wien.at\/index.php\/wp-json\/wp\/v2\/users\/1"}],"replies":[{"embeddable":true,"href":"https:\/\/st-georg-wien.at\/index.php\/wp-json\/wp\/v2\/comments?post=524"}],"version-history":[{"count":22,"href":"https:\/\/st-georg-wien.at\/index.php\/wp-json\/wp\/v2\/pages\/524\/revisions"}],"predecessor-version":[{"id":620,"href":"https:\/\/st-georg-wien.at\/index.php\/wp-json\/wp\/v2\/pages\/524\/revisions\/620"}],"wp:attachment":[{"href":"https:\/\/st-georg-wien.at\/index.php\/wp-json\/wp\/v2\/media?parent=524"}],"curies":[{"name":"wp","href":"https:\/\/api.w.org\/{rel}","templated":true}]}}

Ältere Beiträge

<div style="height:20px" aria-hidden="true" class="wp-block-spacer"></div>



<p class="has-x-large-font-size" style="font-style:normal;font-weight:700">Große Freude am Sognohof</p>



<p>Am 13. Oktober 2024 fanden am Sognohof Sonderprüfungen statt. Acht jugendliche Mitglieder unseres Vereins traten zum &#8222;Großen Hufeisen&#8220; an und bestanden allesamt die Prüfung. Wir gratulieren herzlichst!</p>



<div style="height:5px" aria-hidden="true" class="wp-block-spacer"></div>



<figure class="wp-block-image size-full"><img loading="lazy" decoding="async" width="400" height="300" src="https://st-georg-wien.at/wp-content/uploads/2025/06/gesamteGruppe-2024-Homepage.jpg" alt="" class="wp-image-359" srcset="https://st-georg-wien.at/wp-content/uploads/2025/06/gesamteGruppe-2024-Homepage.jpg 400w, https://st-georg-wien.at/wp-content/uploads/2025/06/gesamteGruppe-2024-Homepage-300x225.jpg 300w" sizes="auto, (max-width: 400px) 100vw, 400px" /></figure>



<p class="has-medium-font-size"><em>Die glorreichen Acht</em></p>



<hr class="wp-block-separator has-alpha-channel-opacity"/>



<div style="height:5px" aria-hidden="true" class="wp-block-spacer"></div>



<p class="has-x-large-font-size" style="font-style:normal;font-weight:700">Drei Siege für Lisa-Maria Pfuisi</p>



<p>Beim CDN-B* am Gutenhof konnte Lisa-Maria Pfuisi im September 2024 auf &#8222;Fairytale Dream&#8220; alle drei M-Dressurprüfungen gewinnen. Darüber hinaus wurde sie mit &#8222;Suburban&#8220; in zwei S-Bewerben einmal Zweite und einmal Dritte. Wir gratulieren herzlichst!</p>



<div style="height:5px" aria-hidden="true" class="wp-block-spacer"></div>



<figure class="wp-block-gallery has-nested-images columns-default is-cropped wp-block-gallery-1 is-layout-flex wp-block-gallery-is-layout-flex">
<figure class="wp-block-image size-large"><img loading="lazy" decoding="async" width="340" height="227" data-id="368" src="https://st-georg-wien.at/wp-content/uploads/2025/06/mit-Fairytale-Dream-Homepage-1.jpg" alt="" class="wp-image-368" srcset="https://st-georg-wien.at/wp-content/uploads/2025/06/mit-Fairytale-Dream-Homepage-1.jpg 340w, https://st-georg-wien.at/wp-content/uploads/2025/06/mit-Fairytale-Dream-Homepage-1-300x200.jpg 300w" sizes="auto, (max-width: 340px) 100vw, 340px" /></figure>



<figure class="wp-block-image size-large"><img loading="lazy" decoding="async" width="262" height="227" data-id="369" src="https://st-georg-wien.at/wp-content/uploads/2025/06/mit-Suburban-Homepage-1.jpg" alt="" class="wp-image-369"/></figure>
</figure>



<p class="has-medium-font-size"><em>Lisa-Maria mit Fairytale Dream und mit Suburban</em></p>



<hr class="wp-block-separator has-alpha-channel-opacity"/>



<div style="height:5px" aria-hidden="true" class="wp-block-spacer"></div>



<p class="has-x-large-font-size" style="font-style:normal;font-weight:700">2 x Gold bei den Österreichischen Staatsmeisterschaften Dressur</p>



<p>Im September 2024 konnten konnten Nele Cordt auf Nordbygaards Chanell bei den Ponys und Kathi Zajic auf Fidelio 30 bei den Junioren jeweils die Goldmedaille erreiten. Darüber hinaus vertraten uns Antonia Illichmann bei den jungen Reitern und Gloria Vacek im U25-Bewerb. Wir gratulieren herzlichst!</p>



<hr class="wp-block-separator has-alpha-channel-opacity"/>



<div style="height:5px" aria-hidden="true" class="wp-block-spacer"></div>



<p class="has-x-large-font-size" style="font-style:normal;font-weight:700">Bundesländermannschaftsmeisterschaft Dressur</p>



<p>Im August 2024 belegte die Wiener Mannschaft, die ausschließlich aus Mitgliedern unseres Vereins bestand, den hervorragenden zweiten Platz unter zehn Mannschaften. Die erfolgreiche Wiener Mannschaft wurde von Anna Bruckberger, Antonia Illichmann, Lisa-Maria Pfuisi und Katharina Zajic gestellt.</p>



<p>Auch bei den Ponys gewann Wien die Silbermedaille. Zu diesem Erfolg steuerte unser Mitglied Nele Cordt an beiden Tagen die höchste Wertung bei.</p>



<figure class="wp-block-image size-full"><img loading="lazy" decoding="async" width="340" height="453" src="https://st-georg-wien.at/wp-content/uploads/2025/06/Mitglieder-001.jpg" alt="" class="wp-image-456" srcset="https://st-georg-wien.at/wp-content/uploads/2025/06/Mitglieder-001.jpg 340w, https://st-georg-wien.at/wp-content/uploads/2025/06/Mitglieder-001-225x300.jpg 225w" sizes="auto, (max-width: 340px) 100vw, 340px" /></figure>



<p class="has-medium-font-size"><em>Unsere glorreichen Mädels: Katharina Zajic, Nele Cordt, Lisa-Maria Pfuisi, Anna Bruckberger, Antonia Illichmann</em></p>



<p>Wir danken Euch für die würdige Vertretung unseres Bundeslandes und gratulieren herzlichst!</p>



<hr class="wp-block-separator has-alpha-channel-opacity"/>



<div style="height:5px" aria-hidden="true" class="wp-block-spacer"></div>



<p class="has-x-large-font-size" style="font-style:normal;font-weight:700">Wiener Landesmeisterschaften Dressur</p>



<p>Im August 2024 konnten unsere Mitglieder bei den Wiener Landesmeisterschaften zwei goldene, zwei silberne und eine bronzene Medaille gewinnen. Damit waren wir wie 2023 wieder der erfolgreichste Verein von Wien.</p>



<figure class="wp-block-image size-full"><img loading="lazy" decoding="async" width="300" height="447" src="https://st-georg-wien.at/wp-content/uploads/2025/06/Mitglieder-002.jpg" alt="" class="wp-image-457" srcset="https://st-georg-wien.at/wp-content/uploads/2025/06/Mitglieder-002.jpg 300w, https://st-georg-wien.at/wp-content/uploads/2025/06/Mitglieder-002-201x300.jpg 201w" sizes="auto, (max-width: 300px) 100vw, 300px" /></figure>



<p class="has-medium-font-size"><em>Linda Rupp Linda auf Bossanova Hit: Bronze in der Jugend</em></p>



<div style="height:5px" aria-hidden="true" class="wp-block-spacer"></div>



<figure class="wp-block-image size-full"><img loading="lazy" decoding="async" width="300" height="450" src="https://st-georg-wien.at/wp-content/uploads/2025/06/Mitglieder-003.jpg" alt="" class="wp-image-458" srcset="https://st-georg-wien.at/wp-content/uploads/2025/06/Mitglieder-003.jpg 300w, https://st-georg-wien.at/wp-content/uploads/2025/06/Mitglieder-003-200x300.jpg 200w" sizes="auto, (max-width: 300px) 100vw, 300px" /></figure>



<p class="has-medium-font-size"><em>Julia Wrona auf Double Enjoy: Silber bei den Junioren</em></p>



<div style="height:5px" aria-hidden="true" class="wp-block-spacer"></div>



<figure class="wp-block-image size-full"><img loading="lazy" decoding="async" width="300" height="450" src="https://st-georg-wien.at/wp-content/uploads/2025/06/Mitglieder-004.jpg" alt="" class="wp-image-459" srcset="https://st-georg-wien.at/wp-content/uploads/2025/06/Mitglieder-004.jpg 300w, https://st-georg-wien.at/wp-content/uploads/2025/06/Mitglieder-004-200x300.jpg 200w" sizes="auto, (max-width: 300px) 100vw, 300px" /></figure>



<p class="has-medium-font-size"><em>Antonia Illichmann auf Boston&#8217;s Junior</em>: Gold bei den Jungen Reitern</p>



<div style="height:5px" aria-hidden="true" class="wp-block-spacer"></div>



<figure class="wp-block-image size-full"><img loading="lazy" decoding="async" width="400" height="267" src="https://st-georg-wien.at/wp-content/uploads/2025/06/Mitglieder-005.jpg" alt="" class="wp-image-460" srcset="https://st-georg-wien.at/wp-content/uploads/2025/06/Mitglieder-005.jpg 400w, https://st-georg-wien.at/wp-content/uploads/2025/06/Mitglieder-005-300x200.jpg 300w" sizes="auto, (max-width: 400px) 100vw, 400px" /></figure>



<p class="has-medium-font-size"><em>Lisa-Maria Pfuisi auf Suburban: Gold in der Mittelschweren Klasse</em></p>



<div style="height:5px" aria-hidden="true" class="wp-block-spacer"></div>



<figure class="wp-block-image size-full"><img loading="lazy" decoding="async" width="480" height="320" src="https://st-georg-wien.at/wp-content/uploads/2025/06/Mitglieder-006.jpg" alt="" class="wp-image-461" srcset="https://st-georg-wien.at/wp-content/uploads/2025/06/Mitglieder-006.jpg 480w, https://st-georg-wien.at/wp-content/uploads/2025/06/Mitglieder-006-300x200.jpg 300w" sizes="auto, (max-width: 480px) 100vw, 480px" /></figure>



<p class="has-medium-font-size"><em>Gloria Vacek auf Quantiliano: Silber in der Kleinen Tour</em></p>



<div style="height:5px" aria-hidden="true" class="wp-block-spacer"></div>



<p>Wir gratulieren herzlichst!</p>



<hr class="wp-block-separator has-alpha-channel-opacity"/>



<div style="height:5px" aria-hidden="true" class="wp-block-spacer"></div>



<p class="has-x-large-font-size" style="font-style:normal;font-weight:700">Erste Medaille 2024</p>



<p>Im August 2024 konnte Anna Bruckberger auf Double Enjoy die Silbermedaille bei den Wiener Landesmeisterschaften in der Dressur für Ponys erringen. Katharina Krestan erreichte mit Bo 4 den vierten Platz.</p>



<p>Darüber hinaus konnten unsere Mitglieder noch einige hohe Platzierungen in anderen Bewerben erreichen.</p>



<p>Wir gratulieren herzlichst!</p>



<hr class="wp-block-separator has-alpha-channel-opacity"/>



<div style="height:5px" aria-hidden="true" class="wp-block-spacer"></div>



<p class="has-x-large-font-size" style="font-style:normal;font-weight:700">Ing. Sabine Hruschka erfolgreich in Margarethen am Moos</p>



<p>Beim CDN-B* in Margarethen am Moos konnte Ing. Sabine Hruschka im Juni 2024 mit Ben Kingsley Junior SH dreimal einen Platz am Siegespodest erreiten. Wir gratulieren herzlichst!</p>



<figure class="wp-block-image size-full"><img loading="lazy" decoding="async" width="230" height="486" src="https://st-georg-wien.at/wp-content/uploads/2025/06/Mitglieder-008.jpg" alt="" class="wp-image-463" srcset="https://st-georg-wien.at/wp-content/uploads/2025/06/Mitglieder-008.jpg 230w, https://st-georg-wien.at/wp-content/uploads/2025/06/Mitglieder-008-142x300.jpg 142w" sizes="auto, (max-width: 230px) 100vw, 230px" /></figure>



<div style="height:1px" aria-hidden="true" class="wp-block-spacer"></div>



<hr class="wp-block-separator has-alpha-channel-opacity"/>



<div style="height:5px" aria-hidden="true" class="wp-block-spacer"></div>



<p class="has-x-large-font-size" style="font-style:normal;font-weight:700">Siege beim CDIJ in Samorin</p>



<p>Im April 2024 feierten Katharina Zajic und Anna Bruckberger beim CDIJ in Samorin gemeinsam mit ihrer Trainerin Lisa-Maria Pfuisi drei Siege und einige weitere hohe Platzierungen. Wir gratulieren herzlichst!</p>

<p>Große Freude am Sognohof Am 13. Oktober 2024 fanden am Sognohof Sonderprüfungen statt. Acht jugendliche Mitglieder unseres Vereins traten zum &#8222;Großen Hufeisen&#8220; an und bestanden allesamt die Prüfung. Wir gratulieren herzlichst! Die glorreichen Acht Drei Siege für Lisa-Maria Pfuisi Beim CDN-B* am Gutenhof konnte Lisa-Maria Pfuisi im September 2024 auf &#8222;Fairytale Dream&#8220; alle drei M-Dressurprüfungen [&hellip;]</p>
